 + -9)*5)/(5/g)?
1
Let p(v) = -v**3 + 41*v**2 + 29*v + 33. Calculate the remainder when p(15) is divided by 19.
10
Let t = 121 - 100. Suppose -4*g = g - a - 89, a + t = g. Calculate the remainder when 114 is divided by g.
12
What is the remainder when 68 is divided by (-33)/(-7) + 176/77 + -2?
3
Suppose 54*p = 57*p - 27, -4*n + 2292 = -4*p. Calculate the remainder when n is divided by 90.
42
Suppose -5*z - 24*z = 29. Let g(t) = -229*t**3 + t**2 + t. Calculate the remainder when g(z) is divided by 29.
26
Let s(r) = -31*r + 359. Let x(m) = -m**3 - 3*m**2 + 3*m + 6. What is the remainder when s(11) is divided by x(-4)?
8
Let f(u) = -2*u**2 + 124*u - 755. Calculate the remainder when 4780 is divided by f(51).
9
Let b = -4 + 2. Let i = -14329 + 14336. What is the remainder when b/5 + 222/30 is divided by i?
0
Let p be -31 + ((-65)/(-20) - (-1)/(-4)). Let r be 3/(-2)*p/6. Suppose -3*w + r = 2*b, -3*w + 30 = -2*b + 7. Calculate the remainder when w is divided by 3.
2
Suppose 103 = -5*u + 563. Let r = 111 - u. What is the remainder when r is divided by ((-3 - -3) + -8)/(-2)?
3
Suppose 0 = -3*w + 30 - 21. Suppose w*x - 4*x + 4*v = -25, -4*x + 2*v = -72. Calculate the remainder when 64 is divided by x.
13
Let h(q) = 2*q**3 + 11*q**2 + 19*q. Let s be h(-6). Let c = 177 + s. What is the remainder when 95 is divided by c?
14
Suppose -1831 + 6151 = 90*h. Calculate the remainder when 155 is divided by h.
11
Suppose -3*g + 5*g - 202 = 0. Let t = -165308 - -165332. What is the remainder when g is divided by t?
5
Suppose -3*h = -j + 28, 5*j + 3*h = h + 123. Let r be 5/j + (-4)/(-10)*-133. Let w = r - -65. What is the remainder when 70 is divided by w?
10
Let x = 11842 + -11272. Calculate the remainder when x is divided by 24.
18
Suppose 52*p - 5*q = 51*p + 24, 0 = -p + 4*q + 20. Calculate the remainder when 1405 is divided by p.
1
Suppose 5*j - 2*g = 696, -2454 = -2*j - 5*g - 2135. Let z(m) = m**2 - 6*m - 8. Calculate the remainder when j is divided by z(8).
6
Suppose 223 = 3*o - h - 347, -3*o + 564 = -2*h. What is the remainder when o is divided by 52?
36
What is the remainder when 293 is divided by 32/(48/6) - -8?
5
Let c = 2970 + -996. Calculate the remainder when c is divided by 279.
21
Suppose 6*w = 4 + 20. Let y be (21/(-6) - -3)/(1/w). What is the remainder when 3/((-17)/(-8) + y) is divided by 5?
4
Let k(v) = v**2 + 2*v + 2. Let x be (-137)/7 - -4 - (-3)/(-7). What is the remainder when k(6) is divided by (12/x)/(2/(-72))?
23
Suppose -4*t - 22 = -3*d - 0*t, -t = -3*d + 19. Suppose -29 = -2*l - p, 25 = 3*l - 5*p - 12. Calculate the remainder when l is divided by d.
2
Suppose -4*j = 3*f - 37, 8*f + 44 = 3*j + 7*f. What is the remainder when 75 is divided by j?
10
Suppose -310 = -37*p + 6*p. Suppose 3*i - 150 = -v, 101 = -21*i + 23*i + v. What is the remainder when i is divided by p?
9
Let l = -313 - -317. Let o(k) = -9*k + 6 + 3*k + 0*k**2 + 4*k**2. What is the remainder when o(l) is divided by 24?
22
Let p(f) = -5*f**3 + 16*f**2 + 335*f - 13. What is the remainder when p(-12) is divided by 384?
383
Let u = 110 - 28. Let v(p) = -53*p**3 - 1. Let t be v(1). Let j = u + t. Calculate the remainder when 55 is divided by j.
27
Let d(o) = 5*o + 6. Let q be (-4)/(12/(-99))*98/(-21). Let w = 167 + q. Calculate the remainder when d(6) is divided by w.
10
Let v be -1*(2 + -1 + -1). Suppose -3*j + 8*m = 3*m - 66, -j + 3*m + 18 = v. Let s = -15189 + 15204. Calculate the remainder when j is divided by s.
12
Let z = -2 - -25. Let l(k) = -k + 59. Let y be l(5). Suppose -r - y + 212 = 0. Calculate the remainder when r is divided by z.
20
Calculate the remainder when 306 is divided by (3 + -18)*(-10)/(-80)*-8.
6
Let o = 8933 - 8478. What is the remainder when o is divided by 57?
56
Let f(o) = 3*o**2 + o - 4. Calculate the remainder when (29 + 4893)/23 - -27 is divided by f(-5).
43
Let r(u) = -u**3 + u**2 - 3*u - 2. Let k be r(-2). Let y(j) = 29*j**2 + 5*j + 4. What is the remainder when 123*(8/3 - k/8) is divided by y(-1)?
26
Suppose -27*p = -22*p + 2030. Let r = -307 - p. Calculate the remainder when r is divided by 36.
27
Let h be ((-58)/(-145))/((-2)/(-2440)). Let w = h - 156. Calculate the remainder when w is divided by 56.
52
Suppose 0 = 4*n - 25*g + 29*g - 48, -4*g - 20 = 0. What is the remainder when 40 is divided by n?
6
Let j be 318 + -2 - (-2 - (2 + -4)). Suppose 204*q + j = 208*q. Calculate the remainder when q is divided by 5.
4
Suppose 4*d = -g + 466 + 214, -3*g - 5*d + 2082 = 0. What is the remainder when g is divided by 17?
7
Let v be -25*30/(-35) - (-12)/21. Suppose -14*u + v + 580 = 0. Calculate the remainder when 385 is divided by u.
41
Suppose -6*z = 3*z - 774. Suppose 0 = 5*l - 35*l + 660. What is the remainder when z is divided by l?
20
Let t(d) = 4*d**2 - 5*d + 2. Suppose -9*b + 229 = -968. Calculate the remainder when b is divided by t(4).
41
Let o(t) = -69*t**3 - 16*t**2 - 20*t - 3. What is the remainder when 199 is divided by o(-1)?
59
Suppose 10*x = 4*x + 11 + 13. What is the remainder when 784 is divided by x?
0
Suppose 0 = -v + 3*w + 2*w + 50, -2*v - w + 45 = 0. Suppose 0 = -14*t - v - 31. Let n = t + 73. Calculate the remainder when n is divided by 24.
21
Let g(l) = 30*l + 1823. Calculate the remainder when g(-48) is divided by 78.
71
Suppose -30 = -4*p + 154. Calculate the remainder when ((-6162)/(-12) - 4) + -6 - 34/68 is divided by p.
43
Suppose -2231 = -5*k - 111. Let i = k - 174. Calculate the remainder when i is divided by 21.
19
Suppose 4*c - q = 30 - 11, -q - 23 = -5*c. Suppose 8*m - 20 = c*m. Suppose -291 = -a - 3*a - 3*n, 15 = -m*n. Calculate the remainder when a is divided by 26.
23
Let z(l) = 2*l**2 - 59*l + 494. Calculate the remainder when 165 is divided by z(18).
5
Let k(h) = -27*h**2 - 6*h - 6. Let m be k(4). Let b = 166 - m. What is the remainder when b is divided by 37?
36
Let r be (-4)/7 - (-792)/(-84). Let w = 20 + r. Let i = 33 + 45. What is the remainder when i is divided by w?
8
Let x = -216 - -140. Let v = 84 + x. Let f = 13 + v. Calculate the remainder when 60 is divided by f.
18
Calculate the remainder when 13598 is divided by ((-32)/36)/((-10)/(-510))*-3.
134
Let j = 2 + -3. Calculate the remainder when 122/14 + 3/147*14 is divided by -1 - j - 18/(-3).
3
Suppose 53*q + 115*q - 39144 = 0. Calculate the remainder when q is divided by 50.
33
Let l = -4140 + 4221. What is the remainder when 967 is divided by l?
76
Let m(y) = -4*y - 13. Let u be m(-2). What is the remainder when 149 is divided by (-8)/u*1425/38?
29
Let i be 4988/(-10) - (-90)/(-75). Let g = -440 - i. What is the remainder when 129 is divided by g?
9
Let h = -975 + 1422. What is the remainder when (-16)/(-4) + h - -2 is divided by 19?
16
Let n be 1/(1838/612 + -3). Let j = n - 220. Let f(m) = -m**3 + 6*m**2 - 2*m - 2. Calculate the remainder when j is divided by f(4).
20
What is the remainder when 9883 + -47 + (-18)/(-2 + -1) is divided by 214?
212
Let c(u) = -u**3 + 55*u**2 + 56*u + 19. Suppose 15*k = 2*k + 728. What is the remainder when 93 is divided by c(k)?
17
Suppose -17*p + 94*p = 2636 - 711. Calculate the remainder when 76 is divided by p.
1
Suppose 33 - 33 = 8*d. Suppose d = -2*b + 8, -o + 28 = 2*o - 2*b. What is the remainder when 225 is divided by o?
9
Suppose -164*j - 155*j = 40*j - 12565. What is the remainder when j is divided by 6?
5
Suppose x = -4*n + 1071, 3*x + 539 = 3*n - n. Suppose 75 - 8 = z - 4*w, -n = -4*z - 3*w. Calculate the remainder when z is divided by 31.
5
Let h(s) be the first derivative of -s**4/4 + 3*s**3 - 7*s**2 + 22*s + 57. Calculate the remainder when 41 is divided by h(7).
19
Let d(k) = 4*k**3 + k. Let z = -76 + 76. Let r(x) = -x**2 - 3*x + 1. Let l be r(z). Calculate the remainder when d(l) is divided by 2.
1
Let r = -888 - -1200. Calculate the remainder when r is divided by 80.
72
Suppose 3 = i - b + 12, 0 = 2*i - 3*b + 22. Let k be 2*i/15*-3. Calculate the remainder when 112/32 - 3/k is divided by 1.
0
Suppose 0 = -3*g - 3 + 6. Suppose 6 = 3*l - 3*d, -3 = -l + 3*d + g. Calculate the remainder when 4 is divided by l.
0
Let q(o) = -30*o - 198. Let y be q(-7). Suppose 151 = -y*p + 1915. Calculate the remainder when p is divided by 22.
15
Suppose -5*r + 210 = -5*l, 0*l - 160 = -4*r + 2*l. What is the remainder when